late the remainder when s is divided by t.
16
What is the remainder when ((-1196)/156)/((-2)/78) is divided by 38?
33
Let w(u) = 5*u**2 + 4*u + 5. Let m(b) = -b + 10. Let t be m(12). What is the remainder when ((-62)/(-3))/((-3)/(-9)) is divided by w(t)?
11
Let v(h) = 2*h**2 + 25*h + 20. Let c be v(-15). Let j = 134 - c. What is the remainder when j is divided by 11?
6
Suppose -17*p = -108 - 436. What is the remainder when 149 is divided by p?
21
Suppose 794 + 454 = 16*u. What is the remainder when 120 is divided by u?
42
Let j = -3 - -8. Suppose 0 = j*v - 0 - 20. Suppose -v*m + 52 = -0*m. Calculate the remainder when 49 is divided by m.
10
Suppose -3*i + 4 = 1. Let g(m) = 94*m**3 - m**2. Let q = -1730 - -1749. Calculate the remainder when g(i) is divided by q.
17
Suppose 2*m + 150 = -s, 2*s - 5*s - 444 = 4*m. Let p = s - -158. What is the remainder when 69 is divided by p?
13
Let g = -6 + 1. Let y = g - -11. Calculate the remainder when 7 is divided by y/(-8) + (-11)/(-4).
1
Let r = 1343 - 1076. What is the remainder when r is divided by 83?
18
Let l(s) = -3*s + 39. Calculate the remainder when l(5) is divided by 7.
3
Let v = -51 + 16. Let r = v + 101. What is the remainder when r is divided by 17?
15
Let n(g) = 25*g**3 + g**2. Suppose 2*o + 4 = 2*y + 3*y, -4*o + 3*y = -6. Let w be n(o). What is the remainder when w/42 + (-2)/7 is divided by 6?
4
Let m(z) = z**2 + 7*z + 18. Let k(p) = -1. Let a(j) = 4*k(j) + m(j). Let b = 18 + -26. What is the remainder when 86 is divided by a(b)?
20
Suppose j = 4*j + 5*o - 12, 2*j + 5*o - 8 = 0. Let t = 17 - j. Let q = -1 + t. What is the remainder when 47 is divided by q?
11
Let m = -14 + 14. Suppose m*a - 10 = -a. Let p(i) = -i**3 + 10*i**2 + 12. Calculate the remainder when 57 is divided by p(a).
9
Let a be -4 + 1 + 42/7. Suppose r - a = -2*z, 3*z + 0*z - 3*r = 9. Suppose -3*m + 155 = z*m. What is the remainder when 61 is divided by m?
30
Suppose 2*o + t - 66 = o, -256 = -4*o + 4*t. Let z = o + -33. Calculate the remainder when z is divided by 7.
4
Let s be (-2132)/(-5) + (-90)/(-25) + -4. Suppose 0 = 2*i + 3*i - 4*h - 394, -5*i + s = 4*h. Calculate the remainder when i is divided by 12.
10
Let g be 8/6*(-3)/(-1). Suppose m + 2*z - 11 = 41, -g*z = -4*m + 256. Let u(r) = r**2 - 21*r - 180. What is the remainder when m is divided by u(-7)?
12
Calculate the remainder when 51 is divided by 3/((45/(-39))/(-5)).
12
Let p = 7 + 49. Suppose -2*b - 2*b = -48. What is the remainder when p is divided by b?
8
Let n(y) = -9*y**2 - 3*y + 2. Let w be n(-3). Let x be (-6)/18 - w/3. Suppose 4*q + x + 1 = 2*v, 4*q + 16 = v. Calculate the remainder when 31 is divided by v.
7
Let j(b) = -2*b - 30. Let i be j(-5). Calculate the remainder when (i/25)/((-1)/40) is divided by 11.
10
Suppose 9 = -2*b + 13. Suppose -b*n + 35 + 11 = 0. What is the remainder when 44 is divided by n?
21
Let u be 77/14 + 1/(-2). Suppose 2*z = -10, -5*f + u = 2*z - 0. Suppose 2*a + 5*o + 16 = 0, 17 - 3 = -f*a - 5*o. What is the remainder when 7 is divided by a?
1
Let d be (57/2)/(78/104). Suppose -3*s - 3*m + 7 = -d, 2*m = 3*s - 20. Calculate the remainder when 69 is divided by s.
9
Suppose 0 = -14*r - 53 + 1243. Calculate the remainder when r is divided by 9.
4
Let v(z) = 2*z**2 + 5*z + 5. Suppose -4*l + 4*r + 112 = 0, 4*l = -5*r + 70 + 24. Suppose 8*h = 30 + l. Calculate the remainder when v(-4) is divided by h.
3
Suppose 7*c + 56 = -14. What is the remainder when -6 - -3 - 6*c is divided by 15?
12
Let j = -27 + 24. Let f(x) = -16*x + 6. Calculate the remainder when f(j) is divided by 11.
10
Let c = 1360 - 914. Calculate the remainder when c is divided by 24.
14
Let t = 47 + -19. Suppose 23*m - t*m = -60. Calculate the remainder when 22 is divided by m.
10
Let d(k) = 11*k - 4. Let q be d(-2). Let b = 31 + q. Suppose 0*m - 4*m = -20, 5*y + m - 75 = 0. What is the remainder when y is divided by b?
4
Let u = 1255 + -1245. What is the remainder when 338 is divided by u?
8
Let f = -4 - -25. Suppose -f - 6 = -3*c. What is the remainder when c is divided by 1?
0
Let f = 2425 - 2378. Let s = 341 - 156. What is the remainder when s is divided by f?
44
Let i = -938 - -955. Calculate the remainder when 167 is divided by i.
14
Let q(v) = -v + 19. Let r(g) = -8*g - 59. Let i be r(-7). What is the remainder when q(i) is divided by 3?
1
Suppose -223 = -7*s + 148. Calculate the remainder when 200 is divided by s.
41
Suppose -35*q + 11317 + 3313 = 0. Calculate the remainder when q is divided by 25.
18
Let i(u) = 3*u**3 + 19*u**2 - u + 6. Calculate the remainder when i(-6) is divided by 19.
10
Suppose -11*y = -5*c - 7*y + 24, 4*y = 3*c - 8. Calculate the remainder when 27 is divided by c.
3
Let j be (-3)/2 + (-5740)/(-8). Suppose -10*l + 254 = -j. What is the remainder when l is divided by 34?
29
Suppose 2*s + 1 + 1 = 0. Let l(f) = 5*f**2 + 2*f + 1. Let r = 40 + -25. Calculate the remainder when r is divided by l(s).
3
Let k = -235 - -348. What is the remainder when k is divided by 40?
33
Suppose -10 = -6*a + 2*a - 2*k, -3*a - 10 = 5*k. What is the remainder when 28 is divided by a?
3
Suppose -4*q + 3*q + 5 = 0. Let g(d) = -d**3 + 59*d**2 - 115*d + 82. Calculate the remainder when g(57) is divided by q.
0
Suppose 12 = -4*r, 0 = 5*k + 61*r - 65*r - 627. What is the remainder when k is divided by 11?
2
Let j(t) = 2*t**2 - 9*t - 16. What is the remainder when 98 is divided by j(-3)?
11
Suppose -2*s = -4*l - 60, -4*s + 4*l + 49 + 55 = 0. What is the remainder when 55 is divided by s?
11
Suppose -3*y = -0*y - 27. Let x = 7 + y. Let b = -9 + 15. Calculate the remainder when x is divided by b.
4
Suppose 12*g = 7*g + 130. Let l(p) = p**3 + 8*p**2 + 4. Calculate the remainder when g is divided by l(-8).
2
Let s(d) = -5*d**3 - 4*d - 4. Let r(c) = -c**3 - 3*c**2 + 9*c + 12. Let f be r(-5). Let p = -1 + f. Calculate the remainder when s(-2) is divided by p.
12
Let i(g) = -g**2 - 4*g + 5. Let p be i(-5). Suppose o + 3*o - 332 = p. Let y(c) = -6*c + 3. Calculate the remainder when o is divided by y(-3).
20
Let d(q) = q**2 + 39*q - 488. What is the remainder when d(-50) is divided by (-2 - -1) + 1 - -9?
8
Let u be ((-10)/(-4))/(13/26). Suppose u*k = 60 - 0. What is the remainder when 35 is divided by k?
11
Suppose 45*v = 44*v + 10. Suppose v*r - 48 = 4*r. What is the remainder when 22 is divided by r?
6
Suppose 0 = -2*d - 2*q + 90, -q + 1 = -4. What is the remainder when 559 is divided by d?
39
Let o(y) = -28*y**2 + 1148*y + 17. Suppose 43 = 4*r + 3. Calculate the remainder when o(41) is divided by r.
7
Suppose 0 = 4*b - 4*c - 16, -5*b + b + c + 4 = 0. Suppose 0*m = -3*m + 642. Suppose 3*p - m - 149 = b. What is the remainder when p is divided by 31?
28
What is the remainder when 511 is divided by (8/(-6))/((-52)/312)?
7
Let a be (2 + -4)/(6/27). Calculate the remainder when (a/2)/(13/(-78)) is divided by 13.
1
Let k be -68 - (-1)/(-2)*8. Let n = 81 + k. Suppose 47 - 115 = -2*y. Calculate the remainder when y is divided by n.
7
Let x(w) = w + 6. Suppose 17 = -5*d - 13. Let f be x(d). Suppose 5*y + 146 = 3*k + 3*y, 5*k - 4*y - 246 = f. Calculate the remainder when k is divided by 12.
10
Suppose 3*d - 7*d = -52. Let w(k) = -k - 5. Let m be w(-15). Suppose 4*v - 212 = -4*o, -m*o + 5*v + 185 = -6*o. Calculate the remainder when o is divided by d.
11
Let b(m) be the first derivative of -m**3/3 - 5*m**2/2 + 3*m + 1. Let r be b(-4). Let z = r - -3. What is the remainder when 18 is divided by z?
8
Suppose -3*x - 2*x = 5*u - 395, 307 = 4*x + u. What is the remainder when x is divided by 8?
4
Let a = -22 + 22. Let l = -3 - -5. Suppose -r = -2*j + 23 - 4, a = l*j - 3*r - 25. What is the remainder when 38 is divided by j?
6
Let o be (-1 + (4 - 7))/(-1). Suppose 5*v = -k + 12, 0*v = -v + 3*k - o. What is the remainder when 10 is divided by v?
0
Let p = -394 - -571. Calculate the remainder when p is divided by 36.
33
Let r = -104 - -152. Suppose -t + r - 20 = 0. What is the remainder when (-53 + -1)/(0 - 1) is divided by t?
26
Let f(l) = l**2 + 9*l + 6. Let j be f(-8). What is the remainder when (-4 - j) + (168 - 2/2) is divided by 42?
39
Suppose -q = -67 + 20. Calculate the remainder when q is divided by (0 - 5) + 2 + 15.
11
Calculate the remainder when 26 is divided by (-9)/15 + 1 + (-73)/